{"id":1638,"date":"2020-09-06T00:40:58","date_gmt":"2020-09-05T23:40:58","guid":{"rendered":"http:\/\/www.nachbarschaftstreff-dom.de\/?page_id=1638"},"modified":"2021-07-23T10:30:18","modified_gmt":"2021-07-23T09:30:18","slug":"veranstaltungen","status":"publish","type":"page","link":"https:\/\/www.nachbarschaftstreff-dom.de\/?page_id=1638","title":{"rendered":"Veranstaltungen"},"content":{"rendered":"\n<p>Am 24.07.2021 | ab 15:00 Uhr findet unser Sommerfest statt. Herzliche Einladung!<\/p>\n\n\n\n<figure class=\"wp-block-image size-full\"><a href=\"http:\/\/www.nachbarschaftstreff-dom.de\/wp-content\/uploads\/2021\/07\/jgi.png\"><img loading=\"lazy\" decoding=\"async\" width=\"630\" height=\"894\" src=\"http:\/\/www.nachbarschaftstreff-dom.de\/wp-content\/uploads\/2021\/07\/jgi.png\" alt=\"\" class=\"wp-image-2181\" srcset=\"https:\/\/www.nachbarschaftstreff-dom.de\/wp-content\/uploads\/2021\/07\/jgi.png 630w, https:\/\/www.nachbarschaftstreff-dom.de\/wp-content\/uploads\/2021\/07\/jgi-211x300.png 211w\" sizes=\"auto, (max-width: 630px) 100vw, 630px\" \/><\/a><\/figure>\n\n\n\n<p><strong>Freitag, 25. Juni 19.00 Uhr<\/strong> im Nachbarschaftstreff DOM, Hochstra\u00dfe 16 84032 Landshut                        Infoabend zum Herkunftssprachprogramm  <\/p>\n\n\n\n<figure class=\"wp-block-image size-large is-resized\"><a href=\"http:\/\/www.nachbarschaftstreff-dom.de\/wp-content\/uploads\/2021\/06\/Dom-FB-Ru-scaled.jpg\"><img loading=\"lazy\" decoding=\"async\" src=\"http:\/\/www.nachbarschaftstreff-dom.de\/wp-content\/uploads\/2021\/06\/Dom-FB-Ru-1024x523.jpg\" alt=\"\" class=\"wp-image-2166\" width=\"668\" height=\"341\" srcset=\"https:\/\/www.nachbarschaftstreff-dom.de\/wp-content\/uploads\/2021\/06\/Dom-FB-Ru-1024x523.jpg 1024w, https:\/\/www.nachbarschaftstreff-dom.de\/wp-content\/uploads\/2021\/06\/Dom-FB-Ru-300x153.jpg 300w, https:\/\/www.nachbarschaftstreff-dom.de\/wp-content\/uploads\/2021\/06\/Dom-FB-Ru-768x392.jpg 768w, https:\/\/www.nachbarschaftstreff-dom.de\/wp-content\/uploads\/2021\/06\/Dom-FB-Ru-1536x785.jpg 1536w, https:\/\/www.nachbarschaftstreff-dom.de\/wp-content\/uploads\/2021\/06\/Dom-FB-Ru-2048x1046.jpg 2048w\" sizes=\"auto, (max-width: 668px) 100vw, 668px\" \/><\/a><\/figure>\n\n\n\n<figure class=\"wp-block-image size-large\"><a href=\"http:\/\/www.nachbarschaftstreff-dom.de\/wp-content\/uploads\/2021\/06\/Dom-FB-Tur-scaled.jpg\"><img loading=\"lazy\" decoding=\"async\" width=\"1024\" height=\"523\" src=\"http:\/\/www.nachbarschaftstreff-dom.de\/wp-content\/uploads\/2021\/06\/Dom-FB-Tur-1024x523.jpg\" alt=\"\" class=\"wp-image-2167\" srcset=\"https:\/\/www.nachbarschaftstreff-dom.de\/wp-content\/uploads\/2021\/06\/Dom-FB-Tur-1024x523.jpg 1024w, https:\/\/www.nachbarschaftstreff-dom.de\/wp-content\/uploads\/2021\/06\/Dom-FB-Tur-300x153.jpg 300w, https:\/\/www.nachbarschaftstreff-dom.de\/wp-content\/uploads\/2021\/06\/Dom-FB-Tur-768x392.jpg 768w, https:\/\/www.nachbarschaftstreff-dom.de\/wp-content\/uploads\/2021\/06\/Dom-FB-Tur-1536x785.jpg 1536w, https:\/\/www.nachbarschaftstreff-dom.de\/wp-content\/uploads\/2021\/06\/Dom-FB-Tur-2048x1046.jpg 2048w\" sizes=\"auto, (max-width: 1024px) 100vw, 1024px\" \/><\/a><\/figure>\n\n\n<h1>&nbsp;<\/h1>\n<hr>\n<h1><span style=\"color: #000000;\"><strong>Heute um 15:OO Uhr LIVE auf ZOOM:<\/strong><\/span><\/h1>\n<h1><span style=\"color: #ff0000;\"><strong> &#8222;Wir spielen Tambola&#8220;<\/strong><\/span><\/h1>\n<h1><strong><span style=\"color: #000000;\">Herzliche Einladung an alle die dabei sein wollen .<\/span><\/strong><\/h1>\n<h3><span style=\"color: #000000;\">Hier der ZOOM Link:&nbsp;<\/span><\/h3>\n<h3><span style=\"color: #000000;\">Zoom-Meeting beitreten<\/span><\/h3>\n<h3><span style=\"color: #000000;\">https:\/\/zoom.us\/j\/2709875844?pwd=cC9BS1krRGRhYWkxTXlSODFNOU9Pdz09<\/span><\/h3>\n<h3><span style=\"color: #000000;\">Meeting-ID: 270 987 5844<\/span><br><span style=\"color: #000000;\">Kenncode: 626513<\/span><\/h3>\n<hr>\n<h2>&nbsp;<\/h2>\n<h2>&nbsp;<\/h2>\n<h2><span style=\"color: #000000;\">Herzliche Einladung!&nbsp;<\/span><\/h2>\n<h2><span style=\"color: #000000;\">Zum Online-KreativLab mit Daniela auf ZOOM.<\/span><\/h2>\n<p><a href=\"http:\/\/www.nachbarschaftstreff-dom.de\/wp-content\/uploads\/2020\/12\/02b33a13-10af-49ef-aec2-485e35be7a10.jpg\"><img loading=\"lazy\" decoding=\"async\" class=\"alignnone size-large wp-image-1905\" src=\"http:\/\/www.nachbarschaftstreff-dom.de\/wp-content\/uploads\/2020\/12\/02b33a13-10af-49ef-aec2-485e35be7a10-576x1024.jpg\" alt=\"\" width=\"576\" height=\"1024\" srcset=\"https:\/\/www.nachbarschaftstreff-dom.de\/wp-content\/uploads\/2020\/12\/02b33a13-10af-49ef-aec2-485e35be7a10-576x1024.jpg 576w, https:\/\/www.nachbarschaftstreff-dom.de\/wp-content\/uploads\/2020\/12\/02b33a13-10af-49ef-aec2-485e35be7a10-169x300.jpg 169w, https:\/\/www.nachbarschaftstreff-dom.de\/wp-content\/uploads\/2020\/12\/02b33a13-10af-49ef-aec2-485e35be7a10.jpg 720w\" sizes=\"auto, (max-width: 576px) 100vw, 576px\" \/><\/a><\/p>\n<hr>\n<h2><span style=\"color: #333333;\">Herzliche Einladung !<\/span><\/h2>\n<p>Zum Herbst- Kreativ-Lab im Nachbarschaftstreff DOM<\/p>\n<h2><a href=\"http:\/\/www.nachbarschaftstreff-dom.de\/wp-content\/uploads\/2020\/09\/plakat-Herbst.png\"><img loading=\"lazy\" decoding=\"async\" class=\"alignnone size-full wp-image-1782\" title=\"plakat Herbst\" src=\"http:\/\/www.nachbarschaftstreff-dom.de\/wp-content\/uploads\/2020\/09\/plakat-Herbst.png\" alt=\"\" width=\"628\" height=\"890\" srcset=\"https:\/\/www.nachbarschaftstreff-dom.de\/wp-content\/uploads\/2020\/09\/plakat-Herbst.png 628w, https:\/\/www.nachbarschaftstreff-dom.de\/wp-content\/uploads\/2020\/09\/plakat-Herbst-211x300.png 211w\" sizes=\"auto, (max-width: 628px) 100vw, 628px\" \/><\/a><span style=\"color: #000000;\">Ramadama 2020 Gro\u00dfes Aufr\u00e4umen in Altdorf S\u00fcd!<\/span><\/h2>\n<h2><span style=\"color: #000000;\">Alle Helfer sind herzlich Willkommen !<\/span><\/h2>\n<p><a href=\"http:\/\/www.nachbarschaftstreff-dom.de\/wp-content\/uploads\/2020\/09\/41746c0c-5804-4c59-9e11-2f27b8f53393.jpg\"><img loading=\"lazy\" decoding=\"async\" class=\"alignnone size-full wp-image-1770\" title=\"41746c0c-5804-4c59-9e11-2f27b8f53393\" src=\"http:\/\/www.nachbarschaftstreff-dom.de\/wp-content\/uploads\/2020\/09\/41746c0c-5804-4c59-9e11-2f27b8f53393.jpg\" alt=\"\" width=\"621\" height=\"886\" srcset=\"https:\/\/www.nachbarschaftstreff-dom.de\/wp-content\/uploads\/2020\/09\/41746c0c-5804-4c59-9e11-2f27b8f53393.jpg 621w, https:\/\/www.nachbarschaftstreff-dom.de\/wp-content\/uploads\/2020\/09\/41746c0c-5804-4c59-9e11-2f27b8f53393-210x300.jpg 210w\" sizes=\"auto, (max-width: 621px) 100vw, 621px\" \/><\/a><\/p>\n<h4><span style=\"color: #000000;\"><span style=\"font-size: 1.8em;\">Auch in diesen Jahr findet wieder das &#8220; <\/span><strong style=\"font-size: 1.8em;\">Kinder-und Jugendfestival&#8220;<\/strong><span style=\"font-size: 1.8em;\"> in der Alten Kaserne statt. In diesem Jahr unter dem Motto <\/span><strong style=\"font-size: 1.8em;\">&#8222;K\u00fcnste \u00f6ffnen Welten&#8220;<\/strong><span style=\"font-size: 1.8em;\"> . Wegen der Aktuellen Situation findet die Veranstaltung unter den vorgegebenen Hygiene Ma\u00dfnahmen statt. Eine Voranmeldung ist unter <\/span><span style=\"text-decoration: underline;\">0176\/70585389<\/span><span style=\"font-size: 1.8em;\"> m\u00f6glich.<\/span><\/span><\/h4>\n<p><a href=\"http:\/\/www.nachbarschaftstreff-dom.de\/wp-content\/uploads\/2020\/09\/kinder-und-jugendfestival-2020.jpg\"><img loading=\"lazy\" decoding=\"async\" class=\"alignnone size-large wp-image-1718\" title=\"kinder und jugendfestival 2020\" src=\"http:\/\/www.nachbarschaftstreff-dom.de\/wp-content\/uploads\/2020\/09\/kinder-und-jugendfestival-2020-723x1024.jpg\" alt=\"\" width=\"640\" height=\"906\" srcset=\"https:\/\/www.nachbarschaftstreff-dom.de\/wp-content\/uploads\/2020\/09\/kinder-und-jugendfestival-2020-723x1024.jpg 723w, https:\/\/www.nachbarschaftstreff-dom.de\/wp-content\/uploads\/2020\/09\/kinder-und-jugendfestival-2020-212x300.jpg 212w\" sizes=\"auto, (max-width: 640px) 100vw, 640px\" \/><\/a><\/p>\n<h3><span style=\"color: #333333;\">Auch in diesem Jahr finden wieder die <span style=\"text-decoration: underline;\">Interkulturellen Wochen <\/span>in Stadt &amp; Landkreis Landshut statt. Auch wir sind wieder im diesen Jahr, mit zahlreichen Veranstaltungen vertreten.<\/span><\/h3>\n<h3><a href=\"http:\/\/www.nachbarschaftstreff-dom.de\/wp-content\/uploads\/2020\/09\/ikw.png\"><img loading=\"lazy\" decoding=\"async\" class=\"alignnone size-medium wp-image-1639\" title=\"ikw\" src=\"http:\/\/www.nachbarschaftstreff-dom.de\/wp-content\/uploads\/2020\/09\/ikw-300x142.png\" alt=\"\" width=\"300\" height=\"142\" srcset=\"https:\/\/www.nachbarschaftstreff-dom.de\/wp-content\/uploads\/2020\/09\/ikw-300x142.png 300w, https:\/\/www.nachbarschaftstreff-dom.de\/wp-content\/uploads\/2020\/09\/ikw-1024x486.png 1024w, https:\/\/www.nachbarschaftstreff-dom.de\/wp-content\/uploads\/2020\/09\/ikw.png 1119w\" sizes=\"auto, (max-width: 300px) 100vw, 300px\" \/><\/a><\/h3>\n<p><a href=\"https:\/\/landshut-interkulturell.de\/images\/ikw\/2020\/ikw2020_programm.pdf\">https:\/\/landshut-interkulturell.de\/images\/ikw\/2020\/ikw2020_programm.pdf<\/a><\/p>","protected":false},"excerpt":{"rendered":"<p>Am 24.07.2021 | ab 15:00 Uhr findet unser Sommerfest statt. Herzliche Einladung! Freitag, 25. Juni 19.00 Uhr im Nachbarschaftstreff DOM, Hochstra\u00dfe 16 84032 Landshut Infoabend zum Herkunftssprachprogramm &nbsp; Heute um 15:OO Uhr LIVE auf ZOOM: &#8222;Wir spielen Tambola&#8220; Herzliche Einladung &hellip; <a href=\"https:\/\/www.nachbarschaftstreff-dom.de\/?page_id=1638\">Weiterlesen <span class=\"meta-nav\">&rarr;<\/span><\/a><\/p>\n","protected":false},"author":1,"featured_media":0,"parent":0,"menu_order":0,"comment_status":"closed","ping_status":"closed","template":"","meta":{"footnotes":""},"class_list":["post-1638","page","type-page","status-publish","hentry"],"_links":{"self":[{"href":"https:\/\/www.nachbarschaftstreff-dom.de\/index.php?rest_route=\/wp\/v2\/pages\/1638","targetHints":{"allow":["GET"]}}],"collection":[{"href":"https:\/\/www.nachbarschaftstreff-dom.de\/index.php?rest_route=\/wp\/v2\/pages"}],"about":[{"href":"https:\/\/www.nachbarschaftstreff-dom.de\/index.php?rest_route=\/wp\/v2\/types\/page"}],"author":[{"embeddable":true,"href":"https:\/\/www.nachbarschaftstreff-dom.de\/index.php?rest_route=\/wp\/v2\/users\/1"}],"replies":[{"embeddable":true,"href":"https:\/\/www.nachbarschaftstreff-dom.de\/index.php?rest_route=%2Fwp%2Fv2%2Fcomments&post=1638"}],"version-history":[{"count":37,"href":"https:\/\/www.nachbarschaftstreff-dom.de\/index.php?rest_route=\/wp\/v2\/pages\/1638\/revisions"}],"predecessor-version":[{"id":2183,"href":"https:\/\/www.nachbarschaftstreff-dom.de\/index.php?rest_route=\/wp\/v2\/pages\/1638\/revisions\/2183"}],"wp:attachment":[{"href":"https:\/\/www.nachbarschaftstreff-dom.de\/index.php?rest_route=%2Fwp%2Fv2%2Fmedia&parent=1638"}],"curies":[{"name":"wp","href":"https:\/\/api.w.org\/{rel}","templated":true}]}}