{"id":958,"date":"2017-01-31T18:45:31","date_gmt":"2017-01-31T17:45:31","guid":{"rendered":"http:\/\/www.nachbarschaftstreff-dom.de\/?page_id=958"},"modified":"2021-05-23T13:38:55","modified_gmt":"2021-05-23T12:38:55","slug":"bibliothek","status":"publish","type":"page","link":"https:\/\/www.nachbarschaftstreff-dom.de\/?page_id=958","title":{"rendered":"Bibliothek"},"content":{"rendered":"<div id=\"attachment_554\" style=\"width: 310px\" class=\"wp-caption alignleft\"><a href=\"http:\/\/www.nachbarschaftstreff-dom.de\/wp-content\/uploads\/2011\/06\/B\u00fccherei1.jpg\"><img loading=\"lazy\" decoding=\"async\" aria-describedby=\"caption-attachment-554\" class=\"wp-image-554 size-medium\" title=\"Jpeg\" src=\"http:\/\/www.nachbarschaftstreff-dom.de\/wp-content\/uploads\/2011\/06\/B\u00fccherei1-300x225.jpg\" alt=\"\" width=\"300\" height=\"225\" srcset=\"https:\/\/www.nachbarschaftstreff-dom.de\/wp-content\/uploads\/2011\/06\/B\u00fccherei1-300x225.jpg 300w, https:\/\/www.nachbarschaftstreff-dom.de\/wp-content\/uploads\/2011\/06\/B\u00fccherei1-1024x768.jpg 1024w\" sizes=\"auto, (max-width: 300px) 100vw, 300px\" \/><\/a><p id=\"caption-attachment-554\" class=\"wp-caption-text\"><span style=\"color: #000000;\">Foto vor Corona!<\/span><\/p><\/div>\n<p>Die internationale Bibliothek ist im Rahmen des offenen Treffs oder B\u00fcrozeiten ge\u00f6ffnet. Zu diesem Foto: die Kinder und Erwachsene stehen mit B\u00fcchern zur Geschichte Landshuts und einem Spiel gl\u00fccklich da! Das ist ein wundersch\u00f6nes Geschenk f\u00fcr alle kleine und gro\u00dfe Comics-Leser und Geschichte-interessierte vom Stadtarchiv Landshut und vom Herrn Stadtarchivar Gerhard Tausche. Herzlichen Dank!<\/p>\n\n\n<p><\/p>\n","protected":false},"excerpt":{"rendered":"<p>Die internationale Bibliothek ist im Rahmen des offenen Treffs oder B\u00fcrozeiten ge\u00f6ffnet. Zu diesem Foto: die Kinder und Erwachsene stehen mit B\u00fcchern zur Geschichte Landshuts und einem Spiel gl\u00fccklich da! Das ist ein wundersch\u00f6nes Geschenk f\u00fcr alle kleine und gro\u00dfe &hellip; <a href=\"https:\/\/www.nachbarschaftstreff-dom.de\/?page_id=958\">Weiterlesen <span class=\"meta-nav\">&rarr;<\/span><\/a><\/p>\n","protected":false},"author":1,"featured_media":0,"parent":0,"menu_order":0,"comment_status":"closed","ping_status":"closed","template":"","meta":{"footnotes":""},"class_list":["post-958","page","type-page","status-publish","hentry"],"_links":{"self":[{"href":"https:\/\/www.nachbarschaftstreff-dom.de\/index.php?rest_route=\/wp\/v2\/pages\/958","targetHints":{"allow":["GET"]}}],"collection":[{"href":"https:\/\/www.nachbarschaftstreff-dom.de\/index.php?rest_route=\/wp\/v2\/pages"}],"about":[{"href":"https:\/\/www.nachbarschaftstreff-dom.de\/index.php?rest_route=\/wp\/v2\/types\/page"}],"author":[{"embeddable":true,"href":"https:\/\/www.nachbarschaftstreff-dom.de\/index.php?rest_route=\/wp\/v2\/users\/1"}],"replies":[{"embeddable":true,"href":"https:\/\/www.nachbarschaftstreff-dom.de\/index.php?rest_route=%2Fwp%2Fv2%2Fcomments&post=958"}],"version-history":[{"count":5,"href":"https:\/\/www.nachbarschaftstreff-dom.de\/index.php?rest_route=\/wp\/v2\/pages\/958\/revisions"}],"predecessor-version":[{"id":2092,"href":"https:\/\/www.nachbarschaftstreff-dom.de\/index.php?rest_route=\/wp\/v2\/pages\/958\/revisions\/2092"}],"wp:attachment":[{"href":"https:\/\/www.nachbarschaftstreff-dom.de\/index.php?rest_route=%2Fwp%2Fv2%2Fmedia&parent=958"}],"curies":[{"name":"wp","href":"https:\/\/api.w.org\/{rel}","templated":true}]}}